 - 5 = 0. Calculate z(u).
2
Let y(a) be the first derivative of -a**2/2 + a + 8. Give y(0).
1
Let p = -262 + 256. Let f(a) = -a - a + 0*a + a**3 + 6*a**2 - 3. Determine f(p).
9
Suppose -2 - 5 = h. Let s(t) = -t**3 - 6*t**2 + 7*t + 2. Calculate s(h).
2
Let v(s) = s**2 + 8*s - 4. Suppose -3*t - 16 = 5. Give v(t).
-11
Let g(j) be the second derivative of -1/12*j**4 + 0*j**2 - 1/6*j**3 - 1/5*j**5 + 0 - 6*j. Give g(-1).
4
Let l = 17 + -16. Let w(u) be the first derivative of 3*u**4/2 - u**2 + u + 1. Give w(l).
5
Let o(g) = 8*g**2 + 6*g + 3*g + g**2 + 4 - g**3 + 2. Let s be o(10). Let j(c) = -c**3 - 3*c**2 + 2*c - 5. What is j(s)?
3
Let n(a) = -a**3 - 9*a**2 - 10*a - 18. Let y be n(-8). Let g(x) = -x + 10. Let h be g(8). Let c(d) = -h*d - d - 3 - d. Calculate c(y).
5
Let x = 1 + -3. Let d(o) be the third derivative of -o**5/30 - o**4/8 + o**3/6 - 2*o**2. Let s(z) be the first derivative of d(z). Determine s(x).
5
Let u(m) = -m**3 + 4*m**2 + 3*m - 2. Let g(s) = -2*s**3 + 8*s**2 + 5*s - 4. Let y(q) = 3*g(q) - 5*u(q). Let c = 21 + -16. Suppose -c*n + 11 + 4 = 0. Give y(n).
7
Suppose 0*v = -5*z - 2*v - 30, v + 13 = -2*z. Let w(k) = k**3 + 4*k**2 + k + 3. Let b(m) = m**3 + 4*m**2 + 2*m + 2. Let c(l) = 2*b(l) - 3*w(l). Give c(z).
-9
Suppose 3*m - 2 = 5*m. Let w(o) be the first derivative of -o**3 + o**2 + o - 28. What is w(m)?
-4
Let b be 68/(-12) + 4/6. Let l(v) = -7*v**2 - 3*v + 7. Let g(y) = -3 + 3*y**2 + y - 1 + 1. Let c(u) = b*g(u) - 2*l(u). Give c(2).
-1
Suppose 0 = u + 2*u - 18. Suppose -r + 4 = 5*p - u, -8 = -5*r - 4*p. Suppose -n + 3 = 5*g, r*g - n = -g - 3. Let t(q) = q + 4. Determine t(g).
4
Suppose 0 = y - 7 + 8. Let n = 4 + y. Suppose n*g - 4 = -4*f + 11, -3*f = g - 10. Let s(i) = 3*i**3 - i**2 - i + 1. Give s(g).
2
Let h = -8 - -5. Suppose -5*w + w = -5*b + 8, 0 = 3*w - 5*b + 11. Let s(o) = 2 + 2*o - w*o + 1. Determine s(h).
6
Let i(z) = -3*z + 7. Let j(x) = -3*x + 5. Let d(v) = 3*i(v) - 4*j(v). Let n = 1 - -1. Determine d(n).
7
Suppose 0 = -f - a - 2, 5*f = 2*a - 48 + 10. Let n = -12 - f. Let j(h) = -2*h + 5. Calculate j(n).
17
Let o = 9 - 4. Let f(q) = q - 3. Let a(m) = -2*m + 7. Let u(g) = o*f(g) + 2*a(g). Calculate u(3).
2
Let m(b) be the third derivative of -b**5/60 + 5*b**4/24 - b**3 - 36*b**2. Suppose 0 = -2*l + 3 + 5. What is m(l)?
-2
Suppose 2*x + 7 - 1 = 0, 0 = -3*w + 3*x + 18. Suppose 3*t - 3 = w. Let d(k) = 0*k**3 - k**t - 4*k**3 - 4 + 6*k**2 + 3*k**3. Determine d(4).
12
Let k = 28 + -24. Let f(t) = t**3 - 8*t**2 + 2 + 2*t**2 + 2*t**2. Give f(k).
2
Let h be 4/(-10) + 44/10. Suppose q + 4*q + h*d = 29, 5*q - 4*d - 61 = 0. Let s(t) = t + q - 9. Give s(2).
2
Let j(g) = -2*g**3 + 5*g + g**3 - 3*g**2 - 2 + 0*g**2. Suppose 2*x - 4*o = 4 + 8, -25 = 5*o. Calculate j(x).
-6
Suppose 9 = 2*g - 1. Let v(o) = -2 + 4 + 9 - o. What is v(g)?
6
Let b be (-1)/3 + (-1)/(-3). Suppose -5*o - 5*a = 5 - 0, 3 = 3*o + a. Let w(l) = -3*l**2 + 5 + 4*l**o - 3 + 1. Calculate w(b).
3
Suppose z - 15 = -8*x + 4*x, -4 = 4*z. Let q(u) = -3*u + 10. Let g(j) = -2*j + 10. Let t(a) = x*g(a) - 3*q(a). What is t(-7)?
3
Suppose 0 = h - 2 - 1. Let l(p) be the third derivative of 1/24*p**4 + 1/3*p**h + 0*p + 0 + 2*p**2. Calculate l(3).
5
Let g(q) = q + 5. Let v be g(-2). Let k(t) = 0*t**2 + 0*t - 3*t - 5 - 4*t**2 + 0*t - t**v. Determine k(-4).
7
Let w(k) = 6 - 3*k**3 + 4*k**3 - 3*k**2 - 2*k**3 - 3. Let n be w(-3). Let j(d) = d. Determine j(n).
3
Let t be ((-22)/(-6) - 3)*9. Let u(j) = j**2 - 6*j + 5. Give u(t).
5
Let k(c) = -3*c**2 - 11*c + 1. Let s(l) = -8*l**2 - 32*l + 3. Let m(x) = 11*k(x) - 4*s(x). Calculate m(5).
9
Suppose 3*s = 2*v - 14, 2*s = s - v - 8. Let d(w) = -w**3 - 5*w**2 + 4*w - 8. Determine d(s).
4
Let c be ((-3)/((-3)/2))/(-2). Let k(f) = 1 + 1 - 10*f**2 + 0 - 3 + 25*f**2. Give k(c).
14
Suppose 2*b + 5*l + 14 = 0, l + 3*l = 3*b - 25. Let f(q) = -3*q + q - b*q + 1 + 4*q. Calculate f(-2).
3
Let f(y) = y**3 + 3*y**2 - 1. Suppose 5*w - 4 = 3*z + 7, 4*w - 14 = 5*z. Let k be f(z). Let a be ((-4)/k)/(6/(-9)). Let m(b) = b**2 - 2*b. Determine m(a).
0
Let h be (0*(-2)/(-4))/2. Let a(s) = s**2 - 8*s - 5. Let b be a(9). Suppose -b*n - 16 = -h*n. Let r(q) = -q. Give r(n).
4
Let z be (5/15)/(1/6). Let n(x) = 3*x - 1. Determine n(z).
5
Let c(x) = -5*x. Let p be c(1). Let b(k) = -2*k**2 + 5*k + 9. Let a(u) = -u**2 + 2*u + 4. Let z(r) = p*a(r) + 2*b(r). What is z(-3)?
7
Let j = -6 + 9. Suppose -4*z + 27 = 7. Let m(u) = 0 - 2*u - z*u**2 - 2*u - u**j + 0. Give m(-3).
-6
Let d(t) = -t**2 + 3*t - 5. Let k = -13 - -27. Let m be (-4)/(-8) + k/4. Determine d(m).
-9
Let f(v) = 47*v - 15*v - 3 - 14*v - 17*v. Calculate f(2).
-1
Let o(f) be the third derivative of -f**6/120 - f**5/20 + f**3/6 + 16*f**2 - 2. Give o(-2).
-3
Let h(b) = b + 3. Suppose -13 = -4*f + 19. Let o be ((-4)/f)/(2/(-20)). Suppose -o*s = -2*s. Give h(s).
3
Let b(j) = j**2 - 6*j**3 + 7*j**3 - 3 + 2. Calculate b(-2).
-5
Suppose 11*n + 41 = 30. Let w(d) = 20*d**3 + d**2 - d - 1. What is w(n)?
-19
Let x(b) be the third derivative of b**6/120 + b**5/60 - b**4/8 - b**3/3 + b**2. Let r be (3/(-6))/(1/(-2)). Let z be (4/(-10))/(r/5). Give x(z).
0
Let s(y) = -2*y**2 - 7*y - 4. Suppose 2*k + 2*k + n - 8 = 0, -8 = -4*k + 2*n. Suppose -18 = 5*w + k. Calculate s(w).
-8
Let v(k) be the second derivative of 0*k**2 - 3*k - 1/120*k**5 + 1/3*k**3 - 1/24*k**4 + 0. Let c(j) be the second derivative of v(j). What is c(4)?
-5
Let c(h) be the second derivative of -1/6*h**4 + 0 - 3*h + 0*h**3 + 1/2*h**2 - 3/10*h**5. Calculate c(1).
-7
Let o = -4 - 1. Suppose f = 2*r - 4, 5*f + 6 - 4 = r. Let c(s) = -3*s + 2*s - s**2 + 0*s**r - 2*s + 5. What is c(o)?
-5
Let h(o) = o**2 + 3*o - 2. Let c be h(-4). Let r(z) = 18 + 2*z**2 + 0*z**c - 21 + 3*z. What is r(2)?
11
Let l(m) = m - 5. Let j be 4/6*(-63)/6. Let z be (36/(-14))/(1/j). Suppose -3*o - 5*c = -z - 10, 5*c = 10. Calculate l(o).
1
Let h(g) be the third derivative of g**4/8 + g**3/6 + g**2. Suppose t - 6 = -0*t. Let p = t - 7. What is h(p)?
-2
Let a(n) = 4*n**3 - 5*n**2 + 491*n - 492*n + 2 - 5*n**3. Calculate a(-2).
-8
Let y(q) be the second derivative of q**5/20 + 7*q**4/12 - q**3/6 - 5*q**2/2 - 6*q. Suppose -6*f + f - 35 = 0. What is y(f)?
2
Let o(s) = s**2 + 0*s**2 + 0 - 7. Let p = 31 - 16. Let h be (-2)/(-3) - 10/p. What is o(h)?
-7
Let m(q) = -15*q**2 + 5. Let i(u) = -8*u**2 + 3. Let s(z) = -5*i(z) + 3*m(z). Suppose t + 5*j = 24, 3*j - j = 2*t + 12. Give s(t).
-5
Let m(c) = -11*c**2 + c + 1. Let k(i) = -5*i**2 + 1. Let z = -5 - -14. Let x(s) = z*k(s) - 4*m(s). Calculate x(-4).
5
Suppose -n - 5*m = n + 10, 30 = 2*n - 5*m. Let k(a) = 2*a + 3. Suppose -2 = -d + 1. Let f(o) = 3*o + 3. Let t(u) = d*f(u) - 4*k(u). What is t(n)?
2
Let r(y) = y**2 + y + 1. Let d(f) = 6*f**2 + 10*f + 5. Suppose 1 + 2 = -3*g. Let j(k) = g*d(k) + 5*r(k). Give j(-5).
0
Let x be 0*2/(-4) + 4. Suppose 2*j = 2*f + 4, x*f + f + 2*j + 3 = 0. Let z(b) = 4*b**2 - 5*b**3 + 1 + 10*b**3 - 5*b**2. What is z(f)?
-5
Let n(m) = -7*m**3 + 13*m**2 - 5*m + 15. Let s(q) = -4*q**3 + 7*q**2 - 3*q + 8. Let k(o) = 3*n(o) - 5*s(o). Determine k(4).
5
Let c(b) = -1. Let n(q) = -2*q + 4. Let k(o) = -10*c(o) - n(o). Suppose 2*y = -2*y - 8. Let j be (-105)/25 - y/10. Give k(j).
-2
Let z be (-15)/(-6)*32/10. Let u(c) = c - 2. Let l be u(z). Let j(o) = o**3 - 7*o**2 + 6*o + 7. Give j(l).
7
Let v(g) be the first derivative of -2 - 2*g**4 + g + 0*g**3 + 1/2*g**2. Let a = 2 - 3. Give v(a).
8
Let c = -2 + 5. Suppose c*u - 3 = 3*s - 9, 18 = -u - 3*s. Let q be (-3)/u*10*1. Let w(d) = d**3 - 6*d**2 + 4*d + 6. What is w(q)?
1
Suppose 2*w - 5*y = -1 + 3, 0 = -5*y. Let r(z) be the second derivative of 11*z**4/12 - z**3/3 + z**2/2 + 2*z. Give r(w).
10
Let q(w) = -3*w**2 - 18*w + 9. Let t(b) = -2*b**2 - 9*b + 4. Let f(v) = 3*q(v) - 5*t(v). Calculate f(6).
-11
Let t(g) = g - 1. Let j(x) = -x**3 - 6*x**2 + 6*x - 5. Let m(q) = -j(q) - t(q). Calculate m(-7).
6
Let n(f) = f**3 - f + 3. Let r(h) = -h**2 + h - 1. Let c be r(2). Let z be (-1)/(-3) + 7/c. Let d be 0/(2 + (z - -1)). Determine n(d).
3
Let a(d) = -d - 19. Let f be a(-9). Let g be (-7 + -2)/(f + 7). Let j(k) = -k**2 + k + 3. Calculate j(g).
-3
Let w(i) be the third derivative of i**4/12 - i**3/6 - 6*i**2. Calculate w(-1).
-3
Let f(n) = n - 5. Let h be (-2 + 0)/(1/(-2)). Let m(o) = -1. Let v(l) = 